{"id":53,"date":"2024-01-24T18:38:23","date_gmt":"2024-01-24T16:38:23","guid":{"rendered":"http:\/\/magetsu.kapsi.fi\/wordpress\/?page_id=53"},"modified":"2025-07-27T01:18:48","modified_gmt":"2025-07-26T22:18:48","slug":"sukututkimus","status":"publish","type":"page","link":"https:\/\/magetsu.kapsi.fi\/wordpress\/sukututkimus\/","title":{"rendered":"Sukututkimus"},"content":{"rendered":"\n<p>Olen harrastanut perinteist\u00e4 sukututkimusta vuodesta 2000. DNA-sukututkimustakin olen harrastanut vuodesta 2019 kun tein FTDNA:lle sylkitestin. <\/p>\n\n\n\n<p>Omat sukujuureni ovat vahvasti pohjoisesta Kemij\u00e4rvelt\u00e4 ja Sallasta, jossa esi-vanhempani ovat asuneet 1700-luvulta asti.<\/p>\n\n\n\n<p>Is\u00e4linjan (Sallan Niemel\u00e4) Big Y-700 testist\u00e4 minun Y-DNA on I-FT106211 ja \u00e4itilinjan (Pudasj\u00e4rven Lehtolainen) testist\u00e4 mitokondrio-DNA on V1a1a.<\/p>\n\n\n\n<p>Sukututkimukseni (kuolleiden osalta) on esitettyn\u00e4 <a href=\"https:\/\/magetsu.kapsi.fi\/PHP\/Sukuverkko\/\" data-type=\"link\" data-id=\"http:\/\/magetsu.kapsi.fi\/Sukututkimus\/sukututkimusverkko.htm\">t\u00e4ll\u00e4<\/a> sivulla<\/p>\n\n\n\n<p>Varhaisimmat esivanhempani:<\/p>\n\n\n\n<p><a href=\"http:\/\/magetsu.kapsi.fi\/PHP\/Sukuverkko\/search_individual.php?individualcard=I182725\">Kalle Remahl<\/a> s. 19.10.1728 Kemi k. 21.4.1787 Tervola<\/p>\n\n\n\n<p><a href=\"http:\/\/magetsu.kapsi.fi\/PHP\/Sukuverkko\/search_individual.php?individualcard=I13464\">Iisak Peteri<\/a> s. 24.3.1725 k. 23.10.1795<\/p>\n\n\n\n<p><a href=\"http:\/\/magetsu.kapsi.fi\/PHP\/Sukuverkko\/search_individual.php?individualcard=I182723\">Matti Niemi<\/a> s. 1.11.1723 Kemi k. 18.5.1799 Kemi<\/p>\n\n\n\n<p><a href=\"http:\/\/magetsu.kapsi.fi\/PHP\/Sukuverkko\/search_individual.php?individualcard=I89109\">Heikki Laatikainen<\/a> s. 8.7.1707 Pudasj\u00e4rvi k. 6.11.1786 Pudasj\u00e4rvi<\/p>\n\n\n\n<p><a href=\"https:\/\/magetsu.kapsi.fi\/PHP\/Sukuverkko\/search_individual.php?individualcard=I119636\"><\/a><a href=\"http:\/\/magetsu.kapsi.fi\/PHP\/Sukuverkko\/search_individual.php?individualcard=I103215\">Heikki Saunavaara<\/a> s. 25.9.1706 Sodankyl\u00e4 k. ?<\/p>\n\n\n\n<p><a href=\"http:\/\/magetsu.kapsi.fi\/PHP\/Sukuverkko\/search_individual.php?individualcard=I50492\">Antti Maunu<\/a> s. 10.1.1706 Kemi k. 22.12.1788<\/p>\n\n\n\n<p><a href=\"http:\/\/magetsu.kapsi.fi\/PHP\/Sukuverkko\/search_individual.php?individualcard=I52125\">Pekka M\u00e4\u00e4tt\u00e4<\/a> s. 1704 Kuusamo k. 10.6.1767 Kuusamo<\/p>\n\n\n\n<p><a href=\"http:\/\/magetsu.kapsi.fi\/PHP\/Sukuverkko\/search_individual.php?familycard=F24081\">Lauri S\u00e4kkinen<\/a> s. 1702 Kuusamo k. 20.6.1789 Kuusamo<\/p>\n\n\n\n<p><a href=\"http:\/\/magetsu.kapsi.fi\/PHP\/Sukuverkko\/search_individual.php?individualcard=I150939\">Antti K\u00e4m\u00e4r\u00e4inen<\/a> s. 4.4.1700 Kuusamo k. 25.5.1744 Kuusamo<\/p>\n\n\n\n<p><a href=\"http:\/\/magetsu.kapsi.fi\/PHP\/Sukuverkko\/search_individual.php?individualcard=I198104\">Heikki T\u00f6rm\u00e4nen<\/a> s. 1690 Kuusamo k. 22.6.1764 Kuusamo<\/p>\n\n\n\n<p><a href=\"http:\/\/magetsu.kapsi.fi\/PHP\/Sukuverkko\/search_individual.php?individualcard=I87371\">Olli M\u00e4ntyj\u00e4rvi<\/a> s. 1690 Kuusamo k. 4.3.1780 Pudasj\u00e4rvi<\/p>\n\n\n\n<p><a href=\"http:\/\/magetsu.kapsi.fi\/PHP\/Sukuverkko\/search_individual.php?individualcard=I202665'\">Olli Lehtolainen<\/a> s. 1690 Puolanka k. 9.4.1762 Kuusamo<\/p>\n\n\n\n<p><a href=\"http:\/\/magetsu.kapsi.fi\/PHP\/Sukuverkko\/search_individual.php?individualcard=I71822\">Erkki Jaakkola<\/a> s. 16.5.1689 Kemij\u00e4rvi, k. 23.12.1755 Kemij\u00e4rvi<\/p>\n\n\n\n<p><a href=\"http:\/\/magetsu.kapsi.fi\/PHP\/Sukuverkko\/search_individual.php?individualcard=I197380\">Israel Oivanki<\/a> s. 1689 k. 5.1.1764 Kuusamo<\/p>\n\n\n\n<p><a href=\"http:\/\/magetsu.kapsi.fi\/PHP\/Sukuverkko\/search_individual.php?individualcard=I142901\">Juho Kontio<\/a> s. 21.9.1687 k. ?<\/p>\n\n\n\n<p><a href=\"http:\/\/magetsu.kapsi.fi\/PHP\/Sukuverkko\/search_individual.php?individualcard=I166609\">Matti S\u00e4kkinen<\/a> s. 1685 Kuusamo k. 17.4.1757 Kuusamo<\/p>\n\n\n\n<p><a href=\"http:\/\/magetsu.kapsi.fi\/PHP\/Sukuverkko\/search_individual.php?individualcard=I141501\">Risto Riekki<\/a> s. 1682 Kuusamo k. 3.2.1751 Kuusamo<\/p>\n\n\n\n<p><a href=\"http:\/\/magetsu.kapsi.fi\/PHP\/Sukuverkko\/search_individual.php?individualcard=I150837\">Juho K\u00e4rpp\u00e4<\/a> s. 1679 Kemij\u00e4rvi k. 14.4.1743 Kemij\u00e4rvi<\/p>\n\n\n\n<p><a href=\"http:\/\/magetsu.kapsi.fi\/PHP\/Sukuverkko\/search_individual.php?individualcard=I72204\">Heikki Oinas<\/a> s. 1675 k. 15.11.1709 Kemij\u00e4rvi<\/p>\n\n\n\n<p><a href=\"http:\/\/magetsu.kapsi.fi\/PHP\/Sukuverkko\/search_individual.php?individualcard=I183946\">Pekka Kaukua<\/a> s. 1675 k. 3.10.1759 Pudasj\u00e4rvi<\/p>\n\n\n\n<p><a href=\"http:\/\/magetsu.kapsi.fi\/PHP\/Sukuverkko\/search_individual.php?individualcard=I100400\">Juho Palosaari<\/a> s. 1669 Tervola k. 17.5.1747 Kuusamo<\/p>\n\n\n\n<p><a href=\"http:\/\/magetsu.kapsi.fi\/PHP\/Sukuverkko\/search_individual.php?individualcard=I189236\">Erkki Riekki<\/a> s. 1668 Pudasj\u00e4rvi k. 16.3.1718 Pudasj\u00e4rvi<\/p>\n\n\n\n<p><a href=\"http:\/\/magetsu.kapsi.fi\/PHP\/Sukuverkko\/search_individual.php?individualcard=I177612\">Juho Kela<\/a> s. 1667 k. 4.4.1717 Pudasj\u00e4rvi<\/p>\n\n\n\n<p><a href=\"http:\/\/magetsu.kapsi.fi\/PHP\/Sukuverkko\/search_individual.php?individualcard=I171248\">Jaakko S\u00e4kkinen<\/a> s. 1666 Kuusamo k. 20.9.1746 Kuusamo<\/p>\n\n\n\n<p><a href=\"http:\/\/magetsu.kapsi.fi\/PHP\/Sukuverkko\/search_individual.php?individualcard=I87368\">Kustaa Bersan<\/a> s. 1666 k. 4.10.1739<\/p>\n\n\n\n<p><a href=\"http:\/\/magetsu.kapsi.fi\/PHP\/Sukuverkko\/search_individual.php?individualcard=I74234\">Erkki R\u00e4is\u00e4nen<\/a> s. 1665 k. 29.4.1744<\/p>\n\n\n\n<p><a href=\"http:\/\/magetsu.kapsi.fi\/PHP\/Sukuverkko\/search_individual.php?individualcard=I87477\">Pekka Ruokamo<\/a> s. 1662 k. 28.10.1743 Kuusamo<\/p>\n\n\n\n<p><a href=\"http:\/\/magetsu.kapsi.fi\/PHP\/Sukuverkko\/search_individual.php?individualcard=I81470\">Martti Luiro<\/a> s. 1660 k. 1729 Sodankyl\u00e4<\/p>\n\n\n\n<p><a href=\"http:\/\/magetsu.kapsi.fi\/PHP\/Sukuverkko\/search_individual.php?individualcard=I202617\">Matti Kupari<\/a> s. 1660 Tervola k. 1697 Tervola<\/p>\n\n\n\n<p><a href=\"http:\/\/magetsu.kapsi.fi\/PHP\/Sukuverkko\/search_individual.php?individualcard=I141482\">Lauri Tavaj\u00e4rvi<\/a> s. 1660 Kuusamo k. 1725 Kuusamo<\/p>\n\n\n\n<p><a href=\"http:\/\/magetsu.kapsi.fi\/PHP\/Sukuverkko\/search_individual.php?individualcard=I102293\">Filip P\u00e4tsi<\/a> s. 1658 Pudasj\u00e4rvi k. 1692 Kuusamo<\/p>\n\n\n\n<p><a href=\"http:\/\/magetsu.kapsi.fi\/PHP\/Sukuverkko\/search_individual.php?familycard=F27488\">Kustaa Granroth<\/a> s. 1657 Uumaja (Ruotsi) k. 19.2.1694 Pietarsaari<\/p>\n\n\n\n<p><a href=\"http:\/\/magetsu.kapsi.fi\/PHP\/Sukuverkko\/search_individual.php?familycard=F55809\">Lauri K\u00f6n\u00f6nen<\/a> s. 1655 Kemij\u00e4rvi k. 7.4.1920 Kemij\u00e4rvi<\/p>\n\n\n\n<p><a href=\"http:\/\/magetsu.kapsi.fi\/PHP\/Sukuverkko\/search_individual.php?individualcard=I93851\">Olli Tenno<\/a> s. 1650 k. 25.1.1726 Kuolaj\u00e4rvi<\/p>\n\n\n\n<p><a href=\"http:\/\/magetsu.kapsi.fi\/PHP\/Sukuverkko\/search_individual.php?individualcard=I147365\">Juho Saija<\/a> s. 1650 Kuolaj\u00e4rvi k. 8.2.1721 Kuolaj\u00e4rvi<\/p>\n\n\n\n<p><a href=\"http:\/\/magetsu.kapsi.fi\/PHP\/Sukuverkko\/search_individual.php?individualcard=I126017\">Antti Koria<\/a> s. 1650 Kuolaj\u00e4rvi k. 6.7.1709<\/p>\n\n\n\n<p><a href=\"http:\/\/magetsu.kapsi.fi\/PHP\/Sukuverkko\/search_individual.php?individualcard=I197391\">Heikki Kurtti<\/a> s. 1650 Ii k. 1722 Kuusamo<\/p>\n\n\n\n<p><a href=\"http:\/\/magetsu.kapsi.fi\/PHP\/Sukuverkko\/search_individual.php?individualcard=I135815\">Paavo R\u00e4is\u00e4nen<\/a> s. 1650 k. 1725<\/p>\n\n\n\n<p><a href=\"http:\/\/magetsu.kapsi.fi\/PHP\/Sukuverkko\/search_individual.php?individualcard=I201467\">Erkki Kurvinen<\/a> s. 1650 k. 20.12.1742 Kuusamo<\/p>\n\n\n\n<p><a href=\"http:\/\/magetsu.kapsi.fi\/PHP\/Sukuverkko\/search_individual.php?individualcard=I215240\">Heikki Vitikka<\/a> s. 1649 Rovaniemi k. 23.10.1720 Rovaniemi<\/p>\n\n\n\n<p><a href=\"http:\/\/magetsu.kapsi.fi\/PHP\/Sukuverkko\/search_individual.php?individualcard=I111270\">Erkki Kairvuopio<\/a> s. 1648 Kemij\u00e4rvi k. 1703 Sodankyl\u00e4<\/p>\n\n\n\n<p><a href=\"http:\/\/magetsu.kapsi.fi\/PHP\/Sukuverkko\/search_individual.php?individualcard=I72141\">Erkki Vuostimo<\/a> s. 1648 k. 26.11.1731 Kemij\u00e4rvi<\/p>\n\n\n\n<p><a href=\"http:\/\/magetsu.kapsi.fi\/PHP\/Sukuverkko\/search_individual.php?individualcard=I167040\">Heikki Mursu<\/a> s. 1642 Pudasj\u00e4rvi k. 1735 Kuusamo<\/p>\n\n\n\n<p><a href=\"http:\/\/magetsu.kapsi.fi\/PHP\/Sukuverkko\/search_individual.php?individualcard=I101904\">Johannes Tornberg<\/a> s. 1640 Ylitornio k. 3.1.1717 Ylitornio<\/p>\n\n\n\n<p><a href=\"http:\/\/magetsu.kapsi.fi\/PHP\/Sukuverkko\/search_individual.php?individualcard=I196261\">Jooseppi Mursu<\/a> s. 1640 Pudasj\u00e4rvi k. 1715 Ii<\/p>\n\n\n\n<p><a href=\"http:\/\/magetsu.kapsi.fi\/PHP\/Sukuverkko\/search_individual.php?familycard=F39649\">Jaakko R\u00e4is\u00e4nen<\/a> s. 1638 Pudasj\u00e4rvi k. 1.7.1710 Pudasj\u00e4rvi<\/p>\n\n\n\n<p><a href=\"http:\/\/magetsu.kapsi.fi\/PHP\/Sukuverkko\/search_individual.php?individualcard=I145462\">Heikki Tolonen<\/a> s. 1638 Tervola k. 25.10.1710 Tervola<\/p>\n\n\n\n<p><a href=\"http:\/\/magetsu.kapsi.fi\/PHP\/Sukuverkko\/search_individual.php?individualcard=I147895\">Antti Oinas<\/a> k. 1636 Pudasj\u00e4rvi k. 4.10.1713 Pudasj\u00e4rvi<\/p>\n\n\n\n<p><a href=\"http:\/\/magetsu.kapsi.fi\/PHP\/Sukuverkko\/search_individual.php?individualcard=I137356\">Antti Aska<\/a> s. 1634 Sodankyl\u00e4 k. 1720 Sodankyl\u00e4<\/p>\n\n\n\n<p><a href=\"http:\/\/magetsu.kapsi.fi\/PHP\/Sukuverkko\/search_individual.php?individualcard=I185608\">Heikki Sukula<\/a> s. 0.5.1633 Rovaniemi k. 24.5.1730 Rovaniemi<\/p>\n\n\n\n<p><a href=\"http:\/\/magetsu.kapsi.fi\/PHP\/Sukuverkko\/search_individual.php?individualcard=I145021\">Matti Koitij\u00e4rvi<\/a> s. 1632 Pudasj\u00e4rvi k. 16.7.1705 Pudasj\u00e4rvi<\/p>\n\n\n\n<p><a href=\"https:\/\/magetsu.kapsi.fi\/PHP\/Sukuverkko\/search_individual.php?individualcard=I138724\">Hannu L\u00e4ms\u00e4<\/a> s. 21.4.1630 Paltamo k. 1673 Kuusamo<\/p>\n\n\n\n<p><a href=\"http:\/\/magetsu.kapsi.fi\/PHP\/Sukuverkko\/search_individual.php?individualcard=I189424\">Paavo Pelkonen<\/a> s. 1626 Lumijoki k. 8.6.1715 Kemij\u00e4rvi<\/p>\n\n\n\n<p><a href=\"http:\/\/magetsu.kapsi.fi\/PHP\/Sukuverkko\/search_individual.php?individualcard=I144809\">Risto Manninen<\/a> s. 1626 Pudasj\u00e4rvi k. 1.7.1708 Pudasj\u00e4rvi<\/p>\n\n\n\n<p><a href=\"http:\/\/magetsu.kapsi.fi\/PHP\/Sukuverkko\/search_individual.php?individualcard=I101902\">Sigfrid Bonelius<\/a> s. 0.1.1626 Kemi k. 1701 Rovaniemi<\/p>\n\n\n\n<p><a href=\"http:\/\/magetsu.kapsi.fi\/PHP\/Sukuverkko\/search_individual.php?individualcard=I140251\">Antti Pitk\u00e4<\/a> s. 1624 k. 1693<\/p>\n\n\n\n<p><a href=\"http:\/\/magetsu.kapsi.fi\/PHP\/Sukuverkko\/search_individual.php?individualcard=I153750\">Tuomas Miulus<\/a> s. 1.1.1623 Kuolaj\u00e4rvi k. 8.4.1705 Kuolaj\u00e4rvi<\/p>\n\n\n\n<p><a href=\"http:\/\/magetsu.kapsi.fi\/PHP\/Sukuverkko\/search_individual.php?individualcard=I86355\">Olli Frantsila<\/a> s. 1620 Tervola, k. 1685 Tervola<\/p>\n\n\n\n<p><a href=\"http:\/\/magetsu.kapsi.fi\/PHP\/Sukuverkko\/search_individual.php?individualcard=I142996\">Matti Anttila<\/a> s. 1620 Rovaniemi k. 1680 Rovaniemi<\/p>\n\n\n\n<p><a href=\"http:\/\/magetsu.kapsi.fi\/PHP\/Sukuverkko\/search_individual.php?familycard=F36271\">Olli Pesonen<\/a> s. 1619 Sotkamo k. ?<\/p>\n\n\n\n<p><a href=\"http:\/\/magetsu.kapsi.fi\/PHP\/Sukuverkko\/search_individual.php?familycard=F37041\">Matti Pelttari<\/a> s. 1619 k. ?<\/p>\n\n\n\n<p><a href=\"http:\/\/magetsu.kapsi.fi\/PHP\/Sukuverkko\/search_individual.php?individualcard=I135765\">Matti Kynsij\u00e4rvi<\/a> s. 1618 Pudasj\u00e4rvi k. 6.3.1718 Pudasj\u00e4rvi<\/p>\n\n\n\n<p><a href=\"http:\/\/magetsu.kapsi.fi\/PHP\/Sukuverkko\/search_individual.php?individualcard=I113137\">Olli Raudanjoki<\/a> s. 1617 Rovaniemi k. 30.1.1711 Rovaniemi<\/p>\n\n\n\n<p><a href=\"http:\/\/magetsu.kapsi.fi\/PHP\/Sukuverkko\/search_individual.php?individualcard=I101900\">Henrik Tawast<\/a> s. 1599 Turku k. 10.3.1667 Turku<\/p>\n\n\n\n<p><a href=\"http:\/\/magetsu.kapsi.fi\/PHP\/Sukuverkko\/search_individual.php?familycard=F54667\">Lauri Tauriainen<\/a> s. 1590 H\u00e4me k. 1653 Suomussalmi<\/p>\n\n\n\n<p><a href=\"http:\/\/magetsu.kapsi.fi\/PHP\/Sukuverkko\/search_individual.php?individualcard=I101898\">Hans Fordell<\/a> s. 1575 k. 1639 Oulu<\/p>\n\n\n\n<p><a href=\"http:\/\/magetsu.kapsi.fi\/PHP\/Sukuverkko\/search_individual.php?individualcard=I137271\">Tuomas Haataja<\/a> s. 1565 Paltamo k. 1635 Paltamo<\/p>\n\n\n\n<p><a href=\"http:\/\/magetsu.kapsi.fi\/PHP\/Sukuverkko\/search_individual.php?familycard=F46105\">Jacobus Olai<\/a> s. 1550 k. 1615 Ii<\/p>\n\n\n\n<p><a href=\"http:\/\/magetsu.kapsi.fi\/PHP\/Sukuverkko\/search_individual.php?individualcard=I135122\">Antti Moilanen<\/a> s. 1550 k. 1627 Paltamo<\/p>\n\n\n\n<p><a href=\"http:\/\/magetsu.kapsi.fi\/PHP\/Sukuverkko\/search_individual.php?individualcard=I100338\">Erik Sursill<\/a> s. 1480 Uumaja (Ruotsi) k. 1553 Uumaja (Ruotsi)<\/p>\n\n\n\n<p><a href=\"http:\/\/magetsu.kapsi.fi\/PHP\/Sukuverkko\/search_individual.php?individualcard=I152173\">Pekka Aikio<\/a> s. ? k. 1745 Sodankyl\u00e4<\/p>\n\n\n\n<p><a href=\"http:\/\/magetsu.kapsi.fi\/PHP\/Sukuverkko\/search_individual.php?individualcard=I113137\">Juho Pelkonen<\/a> s. ? k. 1736 Sodankyl\u00e4<\/p>\n\n\n\n<p>Antti Kallunki s. ? Kuolaj\u00e4rvi k. 1705 Kuolaj\u00e4rvi<\/p>\n\n\n\n<p><a href=\"http:\/\/magetsu.kapsi.fi\/PHP\/Sukuverkko\/search_individual.php?individualcard=I93837\">Antti Kuhmitsa<\/a> s. ? k. 1697 Kuolaj\u00e4rvi<\/p>\n\n\n\n<p><a href=\"https:\/\/magetsu.kapsi.fi\/PHP\/Sukuverkko\/search_individual.php?individualcard=I130252\">Paavali Halonen<\/a> s. ? Utaj\u00e4rvi k. ? Kemij\u00e4rvi<\/p>\n\n\n\n<p><a href=\"http:\/\/magetsu.kapsi.fi\/PHP\/Sukuverkko\/search_individual.php?individualcard=I86756\">Aikkia<\/a> s. ? k. ?<\/p>\n\n\n\n<p><\/p>\n\n\n\n<p><\/p>\n\n\n\n<p><\/p>\n\n\n\n<p><\/p>\n","protected":false},"excerpt":{"rendered":"<p>Olen harrastanut perinteist\u00e4 sukututkimusta vuodesta 2000. DNA-sukututkimustakin olen harrastanut vuodesta 2019 kun tein FTDNA:lle sylkitestin. Omat sukujuureni ovat vahvasti pohjoisesta Kemij\u00e4rvelt\u00e4 ja Sallasta, jossa esi-vanhempani ovat asuneet 1700-luvulta asti. Is\u00e4linjan (Sallan Niemel\u00e4) Big Y-700 testist\u00e4 minun Y-DNA on I-FT106211 ja \u00e4itilinjan (Pudasj\u00e4rven Lehtolainen) testist\u00e4 mitokondrio-DNA on V1a1a. Sukututkimukseni (kuolleiden osalta) on esitettyn\u00e4 t\u00e4ll\u00e4 sivulla Varhaisimmat &hellip; <a href=\"https:\/\/magetsu.kapsi.fi\/wordpress\/sukututkimus\/\" class=\"more-link\">Jatka artikkeliin <span class=\"screen-reader-text\">Sukututkimus<\/span><\/a><\/p>\n","protected":false},"author":1,"featured_media":0,"parent":0,"menu_order":0,"comment_status":"closed","ping_status":"closed","template":"","meta":{"footnotes":""},"class_list":["post-53","page","type-page","status-publish","hentry"],"_links":{"self":[{"href":"https:\/\/magetsu.kapsi.fi\/wordpress\/wp-json\/wp\/v2\/pages\/53","targetHints":{"allow":["GET"]}}],"collection":[{"href":"https:\/\/magetsu.kapsi.fi\/wordpress\/wp-json\/wp\/v2\/pages"}],"about":[{"href":"https:\/\/magetsu.kapsi.fi\/wordpress\/wp-json\/wp\/v2\/types\/page"}],"author":[{"embeddable":true,"href":"https:\/\/magetsu.kapsi.fi\/wordpress\/wp-json\/wp\/v2\/users\/1"}],"replies":[{"embeddable":true,"href":"https:\/\/magetsu.kapsi.fi\/wordpress\/wp-json\/wp\/v2\/comments?post=53"}],"version-history":[{"count":17,"href":"https:\/\/magetsu.kapsi.fi\/wordpress\/wp-json\/wp\/v2\/pages\/53\/revisions"}],"predecessor-version":[{"id":242,"href":"https:\/\/magetsu.kapsi.fi\/wordpress\/wp-json\/wp\/v2\/pages\/53\/revisions\/242"}],"wp:attachment":[{"href":"https:\/\/magetsu.kapsi.fi\/wordpress\/wp-json\/wp\/v2\/media?parent=53"}],"curies":[{"name":"wp","href":"https:\/\/api.w.org\/{rel}","templated":true}]}}